f 153733?
153733
What are the prime factors of 1546070?
2, 5, 349, 443
List the prime factors of 603282.
2, 3, 100547
What are the prime factors of 426258?
2, 3, 7, 17, 199
List the prime factors of 2732879.
139, 19661
What are the prime factors of 1194486?
2, 3, 199081
List the prime factors of 2805814.
2, 11, 89, 1433
List the prime factors of 6220204.
2, 1555051
What are the prime factors of 125641?
125641
List the prime factors of 297651.
3, 47, 2111
What are the prime factors of 7701074?
2, 659, 5843
What are the prime factors of 156591?
3, 127, 137
List the prime factors of 4412587.
4412587
List the prime factors of 229088.
2, 7159
What are the prime factors of 228784?
2, 79, 181
List the prime factors of 5941945.
5, 1188389
List the prime factors of 837204.
2, 3, 69767
What are the prime factors of 208659?
3, 11, 6323
List the prime factors of 602666.
2, 301333
What are the prime factors of 4207835?
5, 19, 44293
List the prime factors of 138497.
138497
What are the prime factors of 17333975?
5, 693359
List the prime factors of 1121918.
2, 7, 127, 631
List the prime factors of 2648373.
3, 7, 13, 89, 109
List the prime factors of 256724.
2, 13, 4937
What are the prime factors of 111188?
2, 7, 11, 19
List the prime factors of 7136179.
7136179
What are the prime factors of 1674708?
2, 3, 7, 19937
List the prime factors of 1249197.
3, 416399
What are the prime factors of 512517?
3, 29, 43, 137
List the prime factors of 323762.
2, 161881
What are the prime factors of 669064?
2, 11, 7603
List the prime factors of 1262370.
2, 3, 5, 29, 1451
What are the prime factors of 4605870?
2, 3, 5, 153529
List the prime factors of 37491898.
2, 18745949
List the prime factors of 6583238.
2, 449, 7331
What are the prime factors of 295831?
295831
List the prime factors of 7516226.
2, 73, 51481
What are the prime factors of 1873450?
2, 5, 89, 421
What are the prime factors of 3903629?
23, 89, 1907
What are the prime factors of 710938?
2, 373, 953
List the prime factors of 16026346.
2, 7, 1144739
List the prime factors of 24766780.
2, 5, 149, 8311
What are the prime factors of 3466346?
2, 13, 133321
What are the prime factors of 409994?
2, 13, 1213
List the prime factors of 19474583.
23, 846721
List the prime factors of 408190.
2, 5, 40819
What are the prime factors of 199524?
2, 3, 13, 1279
What are the prime factors of 264815?
5, 52963
What are the prime factors of 104942?
2, 137, 383
What are the prime factors of 855355?
5, 17, 29, 347
What are the prime factors of 2585676?
2, 3, 43, 5011
List the prime factors of 321701.
23, 71, 197
What are the prime factors of 320213?
320213
What are the prime factors of 9392?
2, 587
List the prime factors of 276730.
2, 5, 27673
List the prime factors of 667576.
2, 7, 13, 131
What are the prime factors of 14923740?
2, 3, 5, 13, 19, 53
List the prime factors of 668785.
5, 13, 10289
What are the prime factors of 959425?
5, 38377
List the prime factors of 160224.
2, 3, 1669
List the prime factors of 29348447.
233, 125959
List the prime factors of 3770464.
2, 17, 29, 239
What are the prime factors of 4780334?
2, 13, 14143
List the prime factors of 1043570.
2, 5, 11, 53, 179
What are the prime factors of 802871?
283, 2837
What are the prime factors of 15958163?
13, 94427
What are the prime factors of 37040?
2, 5, 463
List the prime factors of 205637.
19, 79, 137
What are the prime factors of 2527537?
2527537
What are the prime factors of 26444597?
47, 562651
List the prime factors of 803674.
2, 389, 1033
What are the prime factors of 361034?
2, 97, 1861
What are the prime factors of 747984?
2, 3, 15583
List the prime factors of 3458524.
2, 864631
List the prime factors of 40939.
40939
What are the prime factors of 324574?
2, 162287
What are the prime factors of 130215?
3, 5, 8681
List the prime factors of 11799761.
53, 251, 887
What are the prime factors of 19473200?
2, 5, 89, 547
What are the prime factors of 42311786?
2, 11, 1923263
List the prime factors of 2692167.
3, 19, 73, 647
List the prime factors of 3295282.
2, 193, 8537
List the prime factors of 36995227.
37, 127, 7873
What are the prime factors of 866795?
5, 173359
List the prime factors of 313498.
2, 156749
List the prime factors of 661364.
2, 11, 15031
List the prime factors of 59492.
2, 107, 139
List the prime factors of 589153.
127, 4639
List the prime factors of 882784.
2, 7, 563
What are the prime factors of 353073?
3, 7, 17, 23, 43
List the prime factors of 933511.
67, 13933
What are the prime factors of 157636?
2, 39409
List the prime factors of 863591.
29, 97, 307
List the prime factors of 27556344.
2, 3, 382727
What are the prime factors of 8973241?
8973241
What are the prime factors of 12193735?
5, 911, 2677
What are the prime factors of 3674466?
2, 3, 204137
List the prime factors of 4355848.
2, 7, 77783
List the prime factors of 6989805.
3, 5, 17, 9137
What are the prime factors of 13581535?
5, 11, 246937
What are the prime factors of 44724?
2, 3, 3727
What are the prime factors of 1475939?
19, 77681
List the prime factors of 202426.
2, 7, 19, 761
What are the prime factors of 263707?
89, 2963
List the prime factors of 4286135.
5, 7, 151, 811
What are the prime factors of 33610?
2, 5, 3361
List the prime factors of 655075.
5, 26203
What are the prime factors of 733074?
2, 3, 17, 7187
What are the prime factors of 370247?
370247
List the prime factors of 2684340.
2, 3, 5, 1657
What are the prime factors of 6957303?
3, 29, 211, 379
List the prime factors of 201827.
201827
What are the prime factors of 900267?
3, 300089
List the prime factors of 3430046.
2, 263, 6521
List the prime factors of 656247.
3, 218749
List the prime factors of 20329384.
2, 2541173
What are the prime factors of 1590156?
2, 3, 44171
List the prime factors of 192076.
2, 31, 1549
List the prime factors of 173717.
19, 41, 223
List the prime factors of 1697682.
2, 3, 7, 83, 487
What are the prime factors of 6476912?
2, 13, 31139
List the prime factors of 643849.
643849
List the prime factors of 10133431.
7, 11, 101, 1303
List the prime factors of 3455333.
7, 151, 467
What are the prime factors of 6780718?
2, 7, 69191
What are the prime factors of 2920593?
3, 13, 74887
List the prime factors of 236796.
2, 3, 7, 2819
List the prime factors of 130110.
2, 3, 5, 4337
What are the prime factors of 92657?
92657
List the prime factors of 3398342.
2, 23, 73877
What are the prime factors of 880024?
2, 41, 2683
What are the prime factors of 25137893?
11, 19, 120277
What are the prime factors of 13699354?
2, 6849677
What are the prime factors of 1939953?
3, 293, 2207
What are the prime factors of 577097?
577097
What are the prime factors of 27775?
5, 11, 101
What are the prime factors of 307607?
139, 2213
List the prime factors of 2533506.
2, 3, 31, 53, 257
What are the prime factors of 11407122?
2, 3, 61, 3463
List the prime factors of 6657.
3, 7, 317
What are the prime factors of 716618?
2, 7, 17, 3011
What are the prime factors of 483640?
2, 5, 107, 113
What are the prime factors of 305395?
5, 103, 593
List the prime factors of 2318198.
2, 37, 31327
What are the prime factors of 2608924?
2, 239, 2729
What are the prime factors of 2255980?
2, 5, 112799
What are the prime factors of 962275?
5, 61, 631
List the prime factors of 145994.
2, 72997
List the prime factors of 204151.
204151
List the prime factors of 2757292.
2, 263, 2621
What are the prime factors of 109261?
37, 2953
What are the prime factors of 6248873?
73, 85601
What are the prime factors of 660787?
660787
What are the prime factors of 27514337?
19, 199, 383
What are the prime factors of 16935987?
3, 5645329
What are the prime factors of 368910?
2, 3, 5, 4099
List the prime factors of 10628165.
5, 463, 4591
What are the prime factors of 9549008?
2, 7, 85259
List the prime factors of 2498252.
2, 17, 36739
What are the prime factors of 1550865?
3, 5, 103391
List the prime factors of 11239192.
2, 1404899
What are the prime factors of 4621318?
2, 13, 177743
What are the prime factors of 90133?
173, 521
List the prime factors of 43335.
3, 5, 107
List the prime factors of 13991988.
2, 3, 41, 28439
What are the prime factors of 1096580?
2, 5, 54829
What are the prime factors of 122958?
2, 3, 11, 23
What are the prime factors of 218355